s 13 divide 5252?
True
Does 152 divide 18392?
True
Is 16906 a multiple of 158?
True
Is 59 a factor of 2537?
True
Is 78 a factor of 33866?
False
Does 14 divide 9605?
False
Is 5 a factor of 110?
True
Does 28 divide 195284?
False
Does 81 divide 723?
False
Is 4 a factor of 1324?
True
Is 7553 a multiple of 12?
False
Does 27 divide 2160?
True
Does 151 divide 1695?
False
Is 23 a factor of 16629?
True
Is 11 a factor of 348?
False
Is 779 a multiple of 19?
True
Does 196 divide 18620?
True
Does 19 divide 44137?
True
Is 69 a factor of 5451?
True
Is 153 a factor of 612?
True
Does 111 divide 478?
False
Does 53 divide 371?
True
Is 20 a factor of 13586?
False
Does 28 divide 840?
True
Is 2165 a multiple of 348?
False
Does 12 divide 97?
False
Is 696 a multiple of 12?
True
Does 9 divide 90174?
False
Is 13702 a multiple of 220?
False
Does 5 divide 4193?
False
Does 2 divide 366?
True
Is 14 a factor of 2472?
False
Is 2 a factor of 203?
False
Is 46 a multiple of 2?
True
Does 5 divide 657?
False
Is 3148 a multiple of 13?
False
Is 27 a factor of 28006?
False
Is 1078 a multiple of 14?
True
Is 38 a factor of 1292?
True
Is 43158 a multiple of 13?
False
Does 127 divide 52099?
False
Is 379 a factor of 694?
False
Is 5 a factor of 5787?
False
Is 27540 a multiple of 81?
True
Is 15 a factor of 1605?
True
Is 67304 a multiple of 358?
True
Is 154 a multiple of 2?
True
Does 8 divide 2046?
False
Is 20370 a multiple of 70?
True
Is 2569 a multiple of 127?
False
Is 476 a multiple of 7?
True
Is 4797 a multiple of 12?
False
Is 338 a multiple of 5?
False
Is 39170 a multiple of 17?
False
Is 24116 a multiple of 243?
False
Does 4 divide 520?
True
Does 16 divide 21216?
True
Does 8 divide 3199?
False
Does 2 divide 258?
True
Is 75 a factor of 11250?
True
Is 52 a factor of 1719?
False
Does 12 divide 5113?
False
Is 166 a factor of 13778?
True
Is 10804 a multiple of 4?
True
Is 20355 a multiple of 17?
False
Does 8 divide 8045?
False
Is 15 a factor of 6540?
True
Does 160 divide 21120?
True
Is 1456 a multiple of 112?
True
Is 123 a factor of 20541?
True
Is 1330 a multiple of 95?
True
Is 13 a factor of 156?
True
Is 5643 a multiple of 11?
True
Is 910 a multiple of 13?
True
Does 21 divide 347?
False
Is 10899 a multiple of 22?
False
Is 51615 a multiple of 73?
False
Does 13 divide 9321?
True
Is 657 a multiple of 30?
False
Is 48 a factor of 1085?
False
Is 39 a factor of 3081?
True
Is 1083 a multiple of 46?
False
Is 93 a factor of 11439?
True
Does 6 divide 3191?
False
Is 6762 a multiple of 42?
True
Is 266 a multiple of 10?
False
Is 25479 a multiple of 12?
False
Does 10 divide 50?
True
Is 430 a multiple of 10?
True
Does 20 divide 2640?
True
Is 55 a factor of 3300?
True
Is 3660 a multiple of 61?
True
Does 46 divide 30647?
False
Does 22 divide 264?
True
Is 11 a factor of 473?
True
Does 23 divide 25404?
False
Is 360 a multiple of 4?
True
Does 32 divide 2784?
True
Does 41 divide 94013?
True
Does 57 divide 3591?
True
Does 16 divide 335?
False
Does 14 divide 4032?
True
Does 11 divide 5364?
False
Is 2434 a multiple of 4?
False
Is 92211 a multiple of 21?
True
Is 93 a factor of 319?
False
Is 5194 a multiple of 7?
True
Is 26 even?
True
Is 26 a factor of 3276?
True
Is 30 a factor of 19132?
False
Does 16 divide 208?
True
Does 22 divide 15341?
False
Is 36 a factor of 1731?
False
Is 16065 a multiple of 17?
True
Is 9 a factor of 295?
False
Is 36 a factor of 33275?
False
Is 565 a multiple of 21?
False
Is 10 a factor of 2940?
True
Is 880 a multiple of 22?
True
Is 36 a multiple of 4?
True
Does 23 divide 36295?
False
Is 2701 a multiple of 3?
False
Is 6 a factor of 1553?
False
Is 8 a factor of 92?
False
Is 5 a factor of 775?
True
Does 60 divide 14940?
True
Is 45 a factor of 393?
False
Does 27 divide 459?
True
Is 5 a factor of 280?
True
Is 2322 a multiple of 95?
False
Is 3888 a multiple of 23?
False
Does 18 divide 14652?
True
Is 6105 a multiple of 59?
False
Does 9 divide 3851?
False
Is 2929 a multiple of 55?
False
Is 18 a factor of 9504?
True
Is 22127 a multiple of 3?
False
Is 1026 a multiple of 19?
True
Is 63340 a multiple of 10?
True
Is 46520 a multiple of 153?
False
Does 39 divide 417?
False
Does 5 divide 9005?
True
Is 37133 a multiple of 33?
False
Is 12 a factor of 336?
True
Is 10120 a multiple of 22?
True
Is 1608 a multiple of 102?
False
Does 7 divide 282?
False
Is 3202 a multiple of 19?
False
Is 37278 a multiple of 6?
True
Does 13 divide 277?
False
Does 10 divide 1020?
True
Does 129 divide 22188?
True
Is 663 a multiple of 18?
False
Is 27 a factor of 182?
False
Is 49 a factor of 111083?
True
Is 19 a factor of 2850?
True
Is 18686 a multiple of 27?
False
Is 1000 a multiple of 25?
True
Does 15 divide 16211?
False
Is 42 a factor of 672?
True
Does 11 divide 1803?
False
Is 9 a factor of 669?
False
Is 18446 a multiple of 53?
False
Is 4752 a multiple of 12?
True
Is 61 a factor of 2282?
False
Is 11 a factor of 3817?
True
Is 2236 a multiple of 4?
True
Does 48 divide 746?
False
Does 179 divide 1253?
True
Does 27 divide 28107?
True
Does 5 divide 14355?
True
Is 2394 a multiple of 42?
True
Does 21 divide 3612?
True
Is 124742 a multiple of 13?
False
Is 9 a factor of 11250?
True
Does 25 divide 789?
False
Is 33 a factor of 938?
False
Does 13 divide 2210?
True
Is 41 a factor of 779?
True
Is 19 a factor of 6650?
True
Does 28 divide 1372?
True
Is 49 a factor of 751?
False
Is 351 a multiple of 9?
True
Does 10 divide 6063?
False
Does 25 divide 400?
True
Is 150 a multiple of 5?
True
Is 1160 a multiple of 8?
True
Does 146 divide 14308?
True
Is 24 a factor of 960?
True
Is 9202 a multiple of 141?
False
Is 2812 a multiple of 37?
True
Is 48 a factor of 18240?
True
Does 20 divide 46360?
True
Is 41 a factor of 582?
False
Is 72 a factor of 693?
False
Does 15 divide 690?
True
Does 5 divide 1440?
True
Is 9 a factor of 72?
True
Does 15 divide 755?
False
Is 36648 a multiple of 24?
True
Is 11515 a multiple of 242?
False
Is 139 a factor of 26074?
False
Does 18 divide 21636?
True
Does 20 divide 2043?
False
Does 19 divide 6061?
True
Does 76 divide 304?
True
Does 16 divide 272?
True
Is 236 a multiple of 8?
False
Is 40 a factor of 8040?
True
Does 13 divide 84691?
False
Does 24 divide 72?
True
Is 25687 a multiple of 6?
False
Is 11 a factor of 1881?
True
Does 69 divide 11391?
False
Does 39 divide 1755?
True
Does 19 divide 2071?
True
Is 15326 a multiple of 97?
True
Is 48176 a multiple of 8?
True
Does 21 divide 378?
True
Is 4 even?
True
Is 73 a multiple of 28?
False
Is 82 a factor of 32181?
False
Is 24750 a multiple of 22?
True
Is 10 a factor of 907?
False
Is 9 a factor of 243?
True
Is 29 a factor of 714?
False
Is 3180 a multiple of 10?
True
Is 60 a factor of 25042?
False
Is 20 a factor of 376?
False
Is 1251 a multiple of 72?
False
Is 4568 a multiple of 139?
False
Is 3516 a multiple of 4?
True
Is 9 a factor of 10526?
False
Does 142 divide 4544?
True
Is 13 a factor of 39?
True
Is 1166 a multiple of 106?
True
Does 52 divide 47250?
False
Is 7320 a multiple of 20?
True
Does 11 divide 66?
True
Does 18 divide 41288?
False
Does 145 divide 870?
True
Is 8525 a multiple of 163?
False
Is 28 a factor of 3337?
False
Is 5025 a multiple of 15?
True
Is 35 a factor of 1925?
True
Is 5148 a multiple of 22?
True
Is 6 a factor of 72?
True
Does 16 divide 365?
False
Is 30 a factor of 4682?
False
Is 6564 a multiple of 12?
True
Is 990 a multiple of 108?
False
Is 73 a factor of 2138?
False
Does 14 divide 196?
True
Is 10 a factor of 1200?
True
Does 31 divide 713?
True
Does 14 divide 7392?
True
Is 3599 a multiple of 61?
True
Is 19656 a multiple of 14?
True
Does 81 divide 3888?
True
Is 14 a factor of 2968?
True
Does 9 divide 20837?
False
Is 4867 a multiple of 10?
False
Is 20 a factor of 332?
False
Does 4 divide 8140?
True
Does 2 divide 43?
False
Is 96 a multiple of 32?
True
Is 959 a multiple of 16?
False
Is 483 a multiple of 24?
False
Is 8 a factor of 624?
True
Is 172 a multiple of 2?
True
Is 112 a factor of 33376?
True
Is 148 a multiple of 15?
False
Does 25 divide 550?
True
Is 244 a factor of 9516?
True
Is 36 a factor of 13218?
False
Does 2 divide 140?
True
Does 205 divide 44625?
False
Is 40264 a multiple of 23?
False
Is 21 a factor of 714?
True
Is 37 a factor of 7253?
False
Is 7359 a multiple of 103?
False
Is 504 a multiple of 28?
True
Is 36423 a multiple of 34?
False
Does 4 divide 4244?
T